 + -4?
251
Let y(w) = -30*w - 228. Let i be y(-8). Let h(z) be the first derivative of z**3/3 - 4*z**2 + 30*z - 1. List the prime factors of h(i).
2, 3, 13
List the prime factors of 7548/(-85)*((-15368)/176 + 4/(-22)).
2, 3, 5, 7, 37
Let p(c) = 2*c**3 - 2*c**2 + 4*c - 5. Let b be ((-6)/8 + 50/24)*-3. Let g be p(b). Let o = -81 - g. What are the prime factors of o?
2, 5
Let h(j) = 2*j**2 - 470 + j - j**2 - 3*j**2 + 59. Let b be h(0). Let p = b - -683. List the prime factors of p.
2, 17
Suppose -3*r + 122 - 59 = 0. Suppose r*i - 12*i = 5310. What are the prime factors of i?
2, 5, 59
Let o be 1 + -5*3/(-5). Suppose 4*i - 124 = -o*u, -3*u - 101 = -3*i - 2*u. Suppose -9*g + i = -6*g. What are the prime factors of g?
11
What are the prime factors of (-91384)/(-84) + -11 + (-1864)/(-168)?
2, 17
Let a = 1935 + -937. What are the prime factors of a?
2, 499
Suppose -3*c - 15 + 15 = 0. Suppose -8*l - 696 + 3016 = c. What are the prime factors of l?
2, 5, 29
Suppose -8*t + 20 - 52 = 0. Let h(g) = 37*g**2 - 13*g - 54. List the prime factors of h(t).
2, 5, 59
Let w be (2/(-5))/((-4)/(-20)). Let j(a) = -5*a**3 + a**2 + 3*a + 5. Let z be j(w). Suppose -259 = -4*q - z. What are the prime factors of q?
2, 3
Let s(p) = 2*p - 3. Let t be s(2). Let o(b) = 2*b + 3. Let x be o(t). Suppose 0*r = -x*r + 45. List the prime factors of r.
3
Let h be (-2)/3*2*(-972)/(-24). Let s = h + 87. What are the prime factors of s?
3, 11
Let z be 1*2*(-29461)/(-17). What are the prime factors of z/12 - (95/(-30) + 3)?
17
Suppose -11167 = -3*x + 2*o, 0 = x + 4*x + 4*o - 18619. List the prime factors of x.
3, 17, 73
Let m = 17 + -12. Suppose -3*s - 4*q + 6 - 27 = 0, -2*s - 21 = m*q. List the prime factors of -11*(0 + s + 1).
2, 11
Let s(u) = -u + 14. Let t be s(11). Let g be ((-65)/t)/((4/(-3))/(-4)). Let c = 287 + g. List the prime factors of c.
2, 3, 37
Let t = 20852 + -4271. What are the prime factors of t?
3, 5527
Suppose -5*b - n + 26586 + 7198 = 0, -b + 6753 = 4*n. What are the prime factors of b?
29, 233
Suppose 46 = -5*i - 79. Let y = -22 - i. Suppose -5*u = -4*x - 677, -y*u + 414 = -0*u - 5*x. What are the prime factors of u?
7, 19
Let i(a) = -10*a + 5 + 52 - 23. List the prime factors of i(-5).
2, 3, 7
What are the prime factors of ((-1102764)/117)/(2/(-3))?
2, 7069
Suppose m + b = -4*m - 477, -3*b = -2*m - 184. Let v = 462 + m. List the prime factors of v.
367
Let o(v) = -2*v**2 + 7*v + 14. Let h be o(-3). Let n(t) = -28*t - 129. List the prime factors of n(h).
571
Suppose 1298 = 60*h + 106594 - 1849796. List the prime factors of h.
5, 1163
Let u(p) = 9*p - 177. Let k be u(-9). Let x = 273 + k. What are the prime factors of x?
3, 5
Suppose -19*i + 32 = -15*i. Let d(h) = -1 + i + 40 + 12*h - h**2. What are the prime factors of d(9)?
2, 37
Suppose -3*y + 1473 = -3*z, -491*z = 5*y - 488*z - 2407. List the prime factors of y.
5, 97
Let j(d) = -67*d + 15. Suppose 0 = b + 2*b - 27. Let n be j(b). List the prime factors of n/(-10)*(-40)/(-16).
3, 7
Let y(m) be the third derivative of -13*m**4/24 - 3*m**3 - 8*m**2. Suppose 3*k + 5*x + 47 = 0, 4*k + 57 = 12*x - 13*x. List the prime factors of y(k).
2, 41
Let g(u) be the first derivative of -u**4/4 - 25*u**3/3 - u**2 - 47*u - 6. Let n be g(-25). Suppose -n*j = -460 + 190. What are the prime factors of j?
2, 3, 5
Suppose 4*g = 4*i + 66272, 52*i - 57*i - 16584 = -g. What are the prime factors of g?
2, 41, 101
Let r(q) = 2*q**2 - 122. Let w be r(14). Let c = w + -165. What are the prime factors of c?
3, 5, 7
Suppose 2*v - 4*l = 134632, 4*l = 8*v - 4*v - 269256. List the prime factors of v.
2, 7, 601
Let q = -44722 + 66450. What are the prime factors of q?
2, 7, 97
Suppose 3*q + 0*w = -w + 14851, 4*q + w = 19803. What are the prime factors of q?
2, 619
Let f(h) = 73*h**2 + 8*h - 4 - h**3 - 37*h**2 - 43*h**2. What are the prime factors of f(-9)?
2, 43
Let b be ((4617/6)/(-9))/(1/(-2)). Let f = 344 - b. What are the prime factors of f?
173
Let q(m) = 568*m**2 - 13*m + 14. List the prime factors of q(3).
5087
Let w(q) = -2*q**2 + 331*q - 622. List the prime factors of w(60).
2, 13, 463
Let l be 3/6*-2*1 - 1. List the prime factors of 0 - l - (-1231 + -1).
2, 617
Let z = 96 - 74. Suppose 0 = -z*a + 19*a + 99. List the prime factors of a.
3, 11
Let m(r) = 6*r**2 - 5*r + 6. Suppose 3*f + 6 = -0*f. Let q be (1/f)/(5/(-30)). List the prime factors of m(q).
3, 5
Suppose -3*f + f - 2*q + 6 = 0, 4*f + q = 0. Let z be (9 - f) + -4 - 2. Suppose z*y - 105 = 571. List the prime factors of y.
13
Let q(v) = 118*v**2 - 224*v - 8. What are the prime factors of q(5)?
2, 911
List the prime factors of (10568/(-5))/(-7 + 7 + 2/(-10)).
2, 1321
Let g = 6109 - -6336. List the prime factors of g.
5, 19, 131
Suppose -5*d = 2*w - 175, -11 = -5*d - w + 159. Let k be 11016/d + (-10)/(-55). Let x = -173 + k. List the prime factors of x.
7, 23
Let q(h) = 33*h + 292. Let b be (-26)/4 - ((-14)/4 - -5). What are the prime factors of q(b)?
2, 7
Let c(r) = -4*r**3 + r**2 - r. Let z be c(1). Let n be (57/4)/(z/(-16)). Let o = 122 - n. List the prime factors of o.
5, 13
Suppose -12 = -4*q, -4*q + 17125 = 4*r - 72795. List the prime factors of r.
7, 13, 19
Suppose -5*p + 2523 + 1448 = t - 3284, 0 = p. What are the prime factors of t?
5, 1451
Suppose -3*q + 6116 = -h, 0*q + q = -5*h + 2028. Let k = q + -672. List the prime factors of k.
2, 683
Suppose 0 = -14*a - 3*a - 4*a + 132825. What are the prime factors of a?
5, 11, 23
Let c = -3908 + 5194. What are the prime factors of c?
2, 643
Suppose -5*o + 28882 = g, -62*o + 17332 = -59*o + 2*g. What are the prime factors of o?
2, 19
Let s = 239 - 243. List the prime factors of s*(-2 - (233 - -5)).
2, 3, 5
Suppose 8627 = 5*z - 4568. Suppose 31*x - 24*x = z. What are the prime factors of x?
13, 29
Let b = 12342 + -5718. What are the prime factors of (1/2)/(-2 + 13251/b)?
2, 3, 23
Suppose -254*a + 255*a = 5. Let p = 779 - 396. Suppose 2*c + 3*f = 7*c - p, -f = -a*c + 391. What are the prime factors of c?
79
Let x(s) = -2*s**3 + 132*s**2 + 3*s + 181. List the prime factors of x(63).
2, 3023
Let s(i) = -150*i**3 - i**2 - 3*i - 42. What are the prime factors of s(-4)?
2, 17, 281
Suppose 39 = -7*y + 39. Suppose -9*w + 4 - 4 = y. Suppose 4*o + h - 273 = w, -o + 87 = -0*o + 4*h. List the prime factors of o.
67
Let m = -1869 + 4104. List the prime factors of m.
3, 5, 149
Let t = -101 - -53. Let m = -36 - t. Let k = 147 + m. What are the prime factors of k?
3, 53
Let s = 7116 - -42032. What are the prime factors of s?
2, 11, 1117
Suppose -66*o = -69*o + 321. Suppose o + 3 = y. List the prime factors of y*(14/4 - (-2 - -5)).
5, 11
Suppose -v - 16 = -x - 3*v, -5*x + 119 = -3*v. Let s = 15 + x. Let f = s - -37. List the prime factors of f.
2, 37
Let v(t) = 3*t - 34. Let z be v(13). Suppose -a - z*a + 270 = 0. Suppose -3*j + 9 = -a. List the prime factors of j.
2, 3
Suppose 0 = 50*p - 26*p + 74*p - 2043104. List the prime factors of p.
2, 1303
Let u(m) = 2*m**2. Let d be u(1). Suppose -3*v = -3*b - 690, 7*v - 8*v + 3*b = -228. Suppose -d*x + 23 = -v. What are the prime factors of x?
127
Let s(j) = -j**3 - j**2 + j + 260. Suppose -10*u = -0*u - 0*u. List the prime factors of s(u).
2, 5, 13
Let t be 15*(-4)/(-5)*(-3)/6. Let x be 1/(0 - (t/3 - -1)). List the prime factors of x + -1 + 2 + (248 - 21).
229
List the prime factors of 72/(-60)*(198332/(-12) - -1).
2, 37, 67
Suppose -2*y - 79 = 165. Let h = 124 + y. Let d(z) = 64*z**2 - 7*z + 5. What are the prime factors of d(h)?
13, 19
Suppose -8*j = 2*j + 29090. What are the prime factors of 62/186 - j/3?
2, 5, 97
Suppose 3*f - 680 = 1921. Let z = 135 + -135. Suppose z = 16*a - 2755 + f. List the prime factors of a.
2, 59
Let r = 143 + 333. What are the prime factors of r?
2, 7, 17
Let c(z) = 7*z - 13. Let d be c(2). Let y be 2 - (-1 - (-2 + d)). Suppose 213 = y*k - 199. What are the prime factors of k?
2, 103
Let i be -6 + -2 + (11 - 3). Suppose 12*h - 1185 - 111 = i. What are the prime factors of h?
2, 3
Let c = 43 - 115. Let m = 443 + c. List the prime factors of m.
7, 53
Suppose 2*p - 322 + 2392 = 5*q, -p = 3*q - 1242. List the prime factors of 1 - 1 - q/(-6).
3, 23
Suppose 0 = 7*t + 854 - 3878. Let i = 616 - t. List the prime factors of i.
2, 23
Let l be -7 + (-8240)/(-6 + 2). Let j = -841 + l. 